 + 4. List the prime factors of r(y).
2, 3
Let q = 168 - 164. Let k be ((-27)/4)/(6/(-16)). Suppose -q*j = 2*j - k. List the prime factors of j.
3
Let y be ((-30)/40)/((-1)/4). List the prime factors of -4 + y + (72 - 1).
2, 5, 7
Suppose 0 = -2*v + v + 4*z + 221, -5*z - 939 = -4*v. Suppose 0 = -2*j + 4*u + 198, 667 - v = 4*j - 2*u. What are the prime factors of j?
109
Suppose -5*k + 4*n + 2561 = 0, k - n = 2*k - 505. List the prime factors of k.
509
Suppose -58*d = -70*d + 54684. What are the prime factors of d?
3, 7, 31
Let q(t) = -t**2 + 11*t. Let r be q(11). Let z be (r + -3 + 0)/1. What are the prime factors of ((-9)/z)/(3/28)?
2, 7
Suppose -z + 10 = -0*z. Suppose -4*a + 3*h = 28 - z, -4*h + 8 = 0. What are the prime factors of -6*(43/a - -1)?
2, 5
Suppose -5*w + 3397 = 3*j, 4*w - 3373 = -w + 3*j. List the prime factors of w.
677
Let m(y) = -268*y - 495. What are the prime factors of m(-13)?
7, 61
Let w(i) be the second derivative of i**4/12 - 5*i**3/6 + 7*i**2/2 - 12*i. Let n be w(6). Let f = 3 + n. What are the prime factors of f?
2
Let o(z) = -47*z**3 - z**2 + 3*z + 1. Let v be o(-2). Let l = v + -260. What are the prime factors of l?
107
Let m(h) = -14*h - 8. Let f be m(-4). Let r = f - -33. What are the prime factors of r?
3
What are the prime factors of 40/(-8)*1 + (-250)/(-2)?
2, 3, 5
Let a(f) = f - 1. Let y(i) = -17*i - 4. Let t(u) = 2*a(u) - y(u). What are the prime factors of t(7)?
3, 5
Let u = -11 + 11. Suppose -5*n = -u*n - 260. What are the prime factors of n?
2, 13
What are the prime factors of (-6)/11 + 634660/572?
1109
Let o = 12 - 16. Let h be 1*(2 + o + 2). Suppose -3*y - 2*y + 240 = h. What are the prime factors of y?
2, 3
Let a = -4 - -12. Suppose 3 = -y + a. Suppose 0 = -2*o - y*m + 80, 2*m = -4*o - 44 + 172. List the prime factors of o.
2, 3, 5
Let z = -16 - -18. What are the prime factors of 134 - 0/(z + -5 + 2)?
2, 67
List the prime factors of (0 - 2342/9)/(4/(-36)).
2, 1171
Let h(q) = 3*q + 18. Let l be h(-7). Let o(x) = -8*x - 1. Let a be o(-1). Let u = a - l. What are the prime factors of u?
2, 5
Let u = 19 - 18. Let f be u/2*(0 + 0). Suppose f = x - 33 - 18. What are the prime factors of x?
3, 17
Suppose -k = -2*k + 5. Suppose -k*i = -0*i. Suppose 4*y + 4*d = 88, -4*y + 6*d - 2*d + 96 = i. What are the prime factors of y?
23
Let j be (4/24)/((-1)/(-28))*18. Let m = -68 + j. What are the prime factors of m?
2
Suppose w + 7 - 5 = 0, 0 = g - w - 548. Suppose -g - 702 = -13*k. What are the prime factors of k?
2, 3
Let u be -4 - -1 - -5*2. Suppose -8 = -w + u. List the prime factors of (-8 - -7)*(0 - w).
3, 5
Suppose 8*q - 3*q + 5761 = 2*p, p = 4*q + 4610. What are the prime factors of q/(-7) - (-6)/63*3?
3, 5, 11
Let o(y) be the second derivative of -y**4/6 - y**3/6 - y**2/2 + 2*y. Let b be o(0). Let a = 12 - b. What are the prime factors of a?
13
Suppose 6*j - 4 = 5*j. Suppose 296 = j*n + 32. List the prime factors of n.
2, 3, 11
Let b(c) = c**3 - 5*c**2 + 56*c - 12. List the prime factors of b(10).
2, 131
Let t = 34 + -30. Suppose -p = -t*p + 30. What are the prime factors of p?
2, 5
List the prime factors of 6/(-8) + (-79926)/(-264).
2, 151
Suppose 3*a = -0 + 3. Let s be 21 + (-1)/1*a. What are the prime factors of (-4)/(-10) + 392/s?
2, 5
Let x = -47 - 6. Let r = x - -128. What are the prime factors of r?
3, 5
Let i(u) = -11*u**2 + 8*u + 10*u**2 + 3*u + 1. List the prime factors of i(5).
31
Let q(t) = t - 3. Let l be q(0). List the prime factors of (-136)/(-2) + (-12)/l.
2, 3
Suppose 3*p - 4*q - 1155 = 0, 0 = 2*p + 2*q + 157 - 913. What are the prime factors of p?
3, 127
Let d(p) = -p**3 + 14*p**2 + 51*p - 15. List the prime factors of d(16).
17
List the prime factors of 1870 - 19/((-190)/60).
2, 7, 67
Let q = -244 + 363. Suppose 0 = -12*b - q + 743. List the prime factors of b.
2, 13
Let p be 508/(-4) - 3*1. Let t be (p/4)/((-5)/10). Let i = -25 + t. What are the prime factors of i?
2, 5
What are the prime factors of (2002/(-35) + -6)/((-4)/10)?
2, 79
Suppose 5*o - 656 = 2*o + 2*a, 5*o + 4*a - 1130 = 0. Suppose -3*l = -3*b + o, b + 4*l + 71 = 2*b. List the prime factors of b.
3, 5
List the prime factors of 3005 - (-7 + 11 - 10).
3011
Suppose 32 - 212 = -2*y. Suppose 0 = k - y + 15. What are the prime factors of k?
3, 5
Let m(f) = 2*f + 12. Let h be m(-3). Suppose h*c - 3*c = 219. What are the prime factors of c?
73
Let g(l) = 33*l**3 - l**2 - 11*l + 7. List the prime factors of g(3).
2, 107
Let o(q) = -2*q**3 + 2*q**2 + 2*q + 1. Let x(s) = s**2 - 8. Let t be x(4). Let g be (t - 7)/((-2)/4). What are the prime factors of o(g)?
3, 7
Let s = -299 - -435. What are the prime factors of 2/7 + s/14?
2, 5
Let k(u) = 9*u**2 - u - 3. Let y be k(3). Let c = 124 - y. What are the prime factors of c?
7
Let p = 157 + -82. Let m = 90 - p. List the prime factors of m.
3, 5
Let a(r) = 8*r + 18. Let i be a(0). Suppose 13*q - i = 7*q. What are the prime factors of q?
3
Suppose 0 = 5*s - 3 - 37. Let p(z) = z**2 + 5*z - 18. What are the prime factors of p(s)?
2, 43
Let d = -212 - -227. What are the prime factors of d?
3, 5
Let i = -892 + 2116. List the prime factors of i.
2, 3, 17
Suppose k + 5*s + 7 = -3, -10 = -2*k + 5*s. Suppose 4*o + 12 = k, -5*c + 2*o = -223 + 2. List the prime factors of c.
43
Let i = -1229 - -1965. What are the prime factors of i?
2, 23
Suppose -2*p + 77 = 19. Suppose -2*m + 53 = 5*y, m - p = -3*y - 3*m. List the prime factors of y.
11
Suppose 6*d - 6 = 18. Suppose d*x - 171 = 29. List the prime factors of x.
2, 5
Let c be (2 - -1) + (6/(-2) - -4). Suppose -4 = -c*k + 3*k. List the prime factors of k.
2
List the prime factors of (-1865)/(-9) - (-16)/(-72).
3, 23
Suppose 2*h - 3*h - 35 = 0. Let q = h - -66. What are the prime factors of q?
31
Let h(p) = -264*p - 61. What are the prime factors of h(-6)?
1523
Let n(c) = -c**2 - 9*c + 3. Let l(y) = -3*y**2 - 19*y + 5. Let p(w) = -4*l(w) + 9*n(w). What are the prime factors of p(5)?
3, 19
Suppose 0 = -3*b - 4*u - 55, -2*u + u = -5. Let t = -21 - b. List the prime factors of 4/t - -25 - 4.
2, 11
Let p(d) = 50*d - 116. List the prime factors of p(9).
2, 167
Suppose -c = -3*j + 469, -18*c + 13*c - 607 = -4*j. What are the prime factors of j?
2, 79
Let h(f) = 24*f**2 - f - 20. What are the prime factors of h(-5)?
3, 5, 13
Let b = 288 + 143. What are the prime factors of b?
431
Let b(d) = 5*d**2 + 10*d + 162. List the prime factors of b(11).
877
Suppose -12*l + 8*l - 4*i + 5644 = 0, 0 = 3*l + 4*i - 4233. List the prime factors of l.
17, 83
Let r(s) = 37*s**2 - s + 29. List the prime factors of r(-6).
1367
Suppose 0 = 3*g - v + 3 - 15, 2*g - 3*v - 1 = 0. Suppose -q - 1018 = -g*o - 0*q, 3*o - 3*q - 618 = 0. What are the prime factors of o?
7, 29
Let q(j) = -j**3 + 12*j**2 - 13*j + 24. Let m be q(11). Suppose 4*n - 10 = -m. Suppose -5*w = -n*o, 2*o - 18 = -4*w - 0. List the prime factors of w.
2
Let z(j) = j**3 - 17*j**2 + 11*j + 10. Let c be z(20). Suppose -a + 6*a = c. What are the prime factors of a?
2, 11, 13
Let r(l) = 2*l**2 - 46*l - 113. List the prime factors of r(28).
167
Let p be (-6)/18 - (-4)/3. Let i = 43 + p. List the prime factors of i.
2, 11
Let u(n) = 4*n**2 - 3*n + 9. Suppose -2*g = 7*g + 45. What are the prime factors of u(g)?
2, 31
Suppose -2*x + 320 = 2*v, 6*x - 2*x - 631 = -v. What are the prime factors of x + 1 - 0/(3 + 2)?
2, 79
Let r(a) be the first derivative of a**3/3 - 9*a**2/2 + 12*a + 29. What are the prime factors of r(-7)?
2, 31
List the prime factors of (-6)/20 + 1673866/820.
13, 157
Suppose 2*i + 2*k = 681 + 793, k = 4. List the prime factors of i.
733
Suppose 60*r = 27*r + 7227. What are the prime factors of r?
3, 73
Let p be (-30)/50 - (-32)/(-5). Let r = p - -10. Suppose 0 = -2*h - r*h + 30. List the prime factors of h.
2, 3
Let b be (-12)/30 - ((-1509)/(-15) - 1). Let q = b + 158. List the prime factors of q.
2, 29
Suppose -175 = -4*i - 3*m + 8*m, 0 = -5*m - 15. Let o be (5 - (-3)/(-1)) + 3. Suppose i = -4*q + o*q. List the prime factors of q.
2, 5
Let b(k) = 10*k**2 + 13*k - 3. List the prime factors of b(6).
3, 5, 29
Let j(i) = -1213*i - 157. What are the prime factors of j(-3)?
2, 1741
Suppose 0 = -14*a - 1328 + 5514. What are the prime factors of a?
13, 23
Let v = 6 - -188. What are the prime factors of v?
2, 97
Suppose 6*b 